ainder when 18/(-10)*((-700)/42)/(-5) + 51 is divided by l.
3
Let s(x) = -x**2 - 93*x + 6392. What is the remainder when 659 is divided by s(-138)?
113
Suppose 3*g = 26*g - 6481 - 4513. What is the remainder when g is divided by 23?
18
Let a be (145/58)/((-2)/(-4)). Suppose a*i - 4*i + 2*y - 56 = 0, -38 = -i + 4*y. Calculate the remainder when (-35)/10*2*-14 is divided by i.
48
Suppose -281*x + 271*x = -20. Suppose 2528 = 34*k - x*k. What is the remainder when k is divided by 30?
19
Let x = 291 + -267. Suppose -10*r = -11*r + x. What is the remainder when 261 is divided by r?
21
Let m(i) be the third derivative of -i**6/120 - 2*i**5/15 - 11*i**4/24 - 5*i**3/2 + i**2 - 4. What is the remainder when -1 + (1/1 - -23) is divided by m(-7)?
10
Let q(i) = 15*i**2 + 342*i - 2355. What is the remainder when q(7) is divided by 289?
196
Suppose 17 = -2*n - w - 9, 0 = 3*n + 2*w + 41. Let c(y) = y**2 + 11*y + 16. Suppose 293*g = 278*g + 105. Calculate the remainder when c(n) is divided by g.
2
Let v(k) = 4*k - 14. Suppose -4*i + 2*i = -90. Let o = -29 + i. What is the remainder when o is divided by v(6)?
6
Let n(c) = -37*c - 6. Let u(w) = -w**2 + 17*w + 11. Let t be u(9). Let d = 82 - t. Calculate the remainder when n(d) is divided by 11.
9
Let p(g) = -g + 19. Let s(c) = -c**3 + 16*c + 2*c**2 - 31 + 3*c**2 - 10*c**2 + 17*c**2. Calculate the remainder when p(0) is divided by s(13).
3
What is the remainder when (0 + -145 + 6)*-2 is divided by 117?
44
Calculate the remainder when 443 is divided by 106 - (2/12 + 2263/(-438)).
110
Let q(c) = 24*c**2 + 8*c + 12. Suppose 18*i - 27*i = 18. Let v = -9 + 33. What is the remainder when q(i) is divided by v?
20
Let q(z) = -z**3 - z**2 + 28*z + 7. Let i be q(5). Calculate the remainder when 108 is divided by (0 - 2/i)/((-46)/(-1932)).
24
Suppose 3*l + 2*w - 16 = 0, 0 = 9*l - 3*l - 5*w + 13. What is the remainder when 246 is divided by (-38)/247 + l + (-808)/(-13)?
54
Let r = 6 + -13. Let h(f) = f**3 + 7*f**2 + f + 10. Suppose -4*a + 9*p = 8*p - 22, 2*a - 18 = -3*p. Calculate the remainder when a is divided by h(r).
0
Calculate the remainder when (-63*(-2)/(-10))/((-3)/15) is divided by 3/(2 - -1) - (-52 + 20).
30
Calculate the remainder when 1477 is divided by ((-2)/(-3))/((13 + -1)/360).
17
Calculate the remainder when 7122 is divided by -13 - (0 - (-2 + 231 + 0)).
210
Suppose 311 = -4*c + h + 2*h, 2*h - 394 = 5*c. Let w be (-4)/(-18) + 1190/(-9). Let g = c - w. Calculate the remainder when g is divided by 11.
8
Let u = -14369 - -14590. What is the remainder when 633 is divided by u?
191
Suppose 217*b = 814116 + 202312. Calculate the remainder when b is divided by 11.
9
Suppose 0 = 4*p - 5*i - 31 - 72, -3*p = -i - 91. Let t be 32/3*120/p. Suppose 54 = -37*h + t*h. Calculate the remainder when 53 is divided by h.
17
Suppose s = 5*y - 61, -43*y + 36*y + s = -87. Calculate the remainder when 135 is divided by y.
5
Let r = -1453 + 1517. Calculate the remainder when 569 is divided by r.
57
What is the remainder when (11/(660/10545))/(3/48) is divided by 32?
28
Suppose 0 = -3*p + a + 425, -58*p = -53*p + 3*a - 713. Calculate the remainder when 160 is divided by p.
18
Suppose -22*s = -21*s - 16. Suppose 0 = -34*q + 32*q + s. Suppose -11 = -q*j + 53. Calculate the remainder when 19 is divided by j.
3
Let y be 3/18*27*(-8)/(-9). Suppose 7 + 11 = 3*o. Suppose 2*f + 0 = -o, -3*v + 168 = -y*f. Calculate the remainder when v is divided by 27.
25
Let h = 9 + 65. Let g(s) = s**2 + 8*s + 11. Let l be g(-12). Suppose 97 - l = 2*o. Calculate the remainder when h is divided by o.
17
Suppose -686 = -40*t + 1474. Suppose -t*f - 762 + 7242 = 0. What is the remainder when f is divided by 54?
12
Let y = -7 - -8. Let c be y + -8 + 5 + 2/(-1). Let v = 8 + c. What is the remainder when 7 is divided by v?
3
What is the remainder when 24234/210*(4 - -6) is divided by 90?
74
Let x(u) = -76*u - 1714. Calculate the remainder when 118 is divided by x(-23).
16
Suppose -306*l + 33*l + 230139 = 0. What is the remainder when l is divided by 15?
3
Let r(a) = -a**3 - 37*a**2 - 183*a + 86. Calculate the remainder when r(-32) is divided by 18.
12
Let v be 63/(-15)*(11 - 16). Suppose -13*b = -v*b + 256. What is the remainder when b is divided by 12?
8
Let h(v) = -2*v**3 + 26*v**2 - 4*v - 31. What is the remainder when h(5) is divided by 39?
37
Let l = -4618 + 6532. What is the remainder when l is divided by 27?
24
Let s = 6726 - 6518. Calculate the remainder when s is divided by 60.
28
Let g(u) = 0*u**2 - u**2 - u**2 - 5*u + 7 + u**2 + u**3. Let y be g(3). What is the remainder when 32 is divided by (28/y)/(2/5)?
4
Let w be 10/4 + 6/(-12). Let x(i) = -7*i - 4. Let o be x(w). Calculate the remainder when 8 is divided by (3 - (-3 - -1))*o/(-15).
2
Suppose 292 = 22*t - 82. Suppose 0 = -4*d + 224 + 44. Calculate the remainder when d is divided by t.
16
Suppose -15*w + 512 = -1181 - 3272. What is the remainder when w is divided by 24?
19
Suppose 0 = -t - 191 - 9. Let v = 7458 + -7329. What is the remainder when v is divided by (-1)/3 - t/6?
30
Let v = 233 - 214. Suppose -v*l + 55 = -14*l. Calculate the remainder when 40 is divided by l.
7
Let z = 23049 + -22953. Calculate the remainder when 182 is divided by z.
86
Suppose -238*s = -241*s + 4*y + 990, 0 = 4*s + 2*y - 1342. Calculate the remainder when s is divided by 216.
118
Let s = 60 - 58. Suppose 1 = s*x + w - 12, 2*x = 3*w - 7. Let g(u) = 10*u - 22. Calculate the remainder when 49 is divided by g(x).
13
Let s(w) = 32*w. Let l(z) = 31*z - 1. Let u(c) = 2*l(c) - 3*s(c). Suppose 4*n - 5*n = -91. Calculate the remainder when n is divided by u(-1).
27
Suppose 0 = -4*z - 2*a + 98, -5*z + 5*a + 73 = -42. Calculate the remainder when (2 - 126/z)/((-2)/8) is divided by 8.
5
Suppose -4*w - 2*r = -54, -12*r = -w - 9*r + 17. Suppose -13*y = -w*y + 1114. What is the remainder when y is divided by 62?
60
Suppose 3*f = 2*a + 25 + 522, 5*f - 919 = -4*a. Calculate the remainder when 431 is divided by f.
65
Let t be 1946 + -5 - (-8 + 3). Suppose 0 = 7*x - t + 630. Calculate the remainder when x is divided by 19.
17
Suppose 5*a - 322 = -2*a. Suppose -a = -11*s + 64. Calculate the remainder when 15 is divided by s.
5
Let j = 3659 + -3604. Suppose -2*r + 2*k = -76, r + 5*k - 83 = -r. What is the remainder when j is divided by r?
16
Let u be 0 + -1 - 5*7. Suppose 61*h - 2870 = -9*h. Let p = h + u. What is the remainder when 9 is divided by p?
4
What is the remainder when 88 is divided by (18/(-24)*1)/((15/(-260))/3)?
10
Suppose 2*a + 7 = 25. Let g = -181077 - -181102. What is the remainder when g is divided by a?
7
Suppose t - 13 = -2*h, -4*h + 29 = -5*t - 4. Calculate the remainder when 275 is divided by h.
2
Let v(l) = -2*l**3 - 19*l**2 + 322*l + 3002. Calculate the remainder when 795/9 + (-2)/(-3) is divided by v(-9).
20
Let u be (84/(-252))/((-2)/60). Let f = 8 + -4. Suppose 0 = f*w + u - 114. What is the remainder when 206 is divided by w?
24
Suppose -2535 = -110*t + 415 - 420. Let q = -2 + 8. What is the remainder when t is divided by q?
5
Let o(v) = 2*v**3 - 76*v**2 + 76*v + 9. Calculate the remainder when o(37) is divided by 49.
34
Suppose -8*f - 8*f = -85*f + 113022. Calculate the remainder when f is divided by 407.
10
Let j = 4992 + -4948. Calculate the remainder when 254 is divided by j.
34
Suppose h - 5*f = 3327, -3*h - 12*f = -7*f - 10101. Calculate the remainder when h is divided by 56.
53
Suppose -578 = -106*b + 43*b + 46*b. What is the remainder when 114 is divided by b?
12
Suppose 219 + 375 = -6*g. Calculate the remainder when 38 is divided by (g/(-36))/(1/4).
5
Let m(p) = 57*p**2 + 5*p + 6. Calculate the remainder when 74 is divided by m(-1).
16
Suppose 3*r - 2*u = 816, -2*u + 240 = 3*r - 564. What is the remainder when r is divided by 33?
6
Let q be (-7 + 98/(-4))*-2. Suppose -44*u = -q*u + 380. What is the remainder when u is divided by 13?
7
Let u(x) = 3*x**2 - 2*x - 2. Suppose 1618 = 20*f + 171*w - 173*w, f + 2*w = 83. Calculate the remainder when u(6) is divided by f.
13
Let w be 7948/52 + (-2)/(-13). Let v = w - 136. Calculate the remainder when 202 is divided by v.
15
Suppose 50*x + 4054 - 6759 - 8545 = 0. Calculate the remainder when x is divided by 23.
18
Let j(b) = -2*b - 8. Let x be j(5). Let p = x